f -k**5/20 - k. Calculate l(-2).
8
Let k(d) = -d**2. Let r be ((-3)/6 + 2)*-2. Let g(n) = -4*n**2 - 3*n + 8. Let h(u) = r*k(u) + g(u). Let j be (1 + 3)/((-2)/3). Give h(j).
-10
Suppose 3*b = -5*n - 37, n - 7 = 4*b + 4. Let h(d) = 4*d**2 + 2*d + 2. Let u(o) = o**2. Let k(i) = n*u(i) + h(i). Let p = -3 - -6. Give k(p).
-1
Let h = -6 - 7. Let n = -19 - h. Let i(x) = -4. Let f(p) = p - 15. Let a(u) = 2*f(u) - 9*i(u). Determine a(n).
-6
Let c = 8 + 10. Let u = -25 + c. Let a(b) = -b**3 - 6*b**2 + 9*b + 9. Let j be a(u). Let f(m) = -m**2 - 4*m + 2. Calculate f(j).
-3
Let p(c) be the first derivative of -c**7/420 + c**6/120 - c**5/60 - 4*c**3/3 + 1. Let i(g) be the third derivative of p(g). Give i(2).
-8
Let s be (-4)/18 + 56/9. Suppose -12 = -s*n + 4*n. Let y(v) = 7*v - 11. Let b(k) = 4*k - 6. Let j(m) = -10*b(m) + 6*y(m). Calculate j(n).
6
Let l(z) be the second derivative of z**4/12 + z**3/6 + 19*z. Calculate l(-2).
2
Suppose 3 + 5 = -2*w. Let k(n) be the third derivative of -n**5/60 - n**4/6 - n**3 - 13*n**2. Calculate k(w).
-6
Let g(d) = -3*d**2 + d + 6. Let s(q) = -4*q**2 + 2*q + 6. Let r(n) = 3*g(n) - 2*s(n). Let z = -8 - -12. Suppose h = -z*h. Calculate r(h).
6
Let z be 40/(-12)*6/(-5). Let n(a) be the first derivative of 1/2*a**2 + 1 - z*a. Give n(5).
1
Let z(q) = -3*q**2 - 2*q. Let g be 1/(-4) + (-99)/(-12). Let b(c) = -c**2 - 8*c + 4. Let n be b(-8). Suppose -2*r + 8 = 0, 3*r = n*h + g*r - 12. Determine z(h).
-8
Let y(u) = -u**2 + 6*u + 3. Let g be y(6). Let c = g + -3. Suppose 4*b - 18 - 2 = c. Let r(s) = -s + 6. Give r(b).
1
Let v(f) = 6*f**2 + 4*f. Let x(t) = 7*t**2 + 3*t - 1. Let y(k) = -6*v(k) + 5*x(k). Give y(-9).
-5
Let u(m) = -m**2 + 1. Let q(x) = -x**2 + 2*x + 7. Let j be q(3). Let t be (-9)/(-6)*j/3. Determine u(t).
-3
Let y(h) = -h**3. Let k(f) = -f**3 + 6*f**2 + 10*f - 8. Let p be k(7). Let z = 12 - 5. Suppose z*i - 3*i + 3*a = -5, 4*i - p = 3*a. What is y(i)?
-1
Let y(d) be the first derivative of 9*d - 7*d + 0 - 2*d**2 + 1. Calculate y(2).
-6
Let b(l) = l**3 + 6*l**2 + 6*l. Let k be b(-5). Let r(x) = x**2 + 5*x - 4. What is r(k)?
-4
Let y(r) = 3*r**2 + 44*r**3 + 2*r - 84*r**3 - 2 + 39*r**3. Suppose -5*c - 3 = -6*c. Suppose 2*v + 5*a + 6 = 0, 3*v + 5*a = -1 - c. Calculate y(v).
6
Let g(x) = x**3 - 3*x**2 - x - 1. Let f = 38 - 35. Give g(f).
-4
Let u(r) = -3*r + 2 + 2*r + r**2 - 2. What is u(3)?
6
Let x be (-1)/(-2)*30*1. Let u = x - 16. Let g(t) = 2*t**2 - t - 1. Give g(u).
2
Let v(o) = 9*o + 1. Let c be (-22)/(-3) + (-2)/(-3). Let l be (-12)/c*(-4)/(-6). Let n(y) = -y. Let h(b) = l*v(b) - 5*n(b). Determine h(1).
-5
Suppose -25 = -5*o - 5*u, 5*u - 2*u - 18 = -4*o. Let t = -9 + 10. Let r(h) = -o*h - t + h**3 + 1 - 2 - 3*h**2 - h. Calculate r(4).
-2
Let v(l) = l**3 - 2*l**2 - 4*l + 3. Suppose 4*d - 11 = -2*n + 9, 0 = 5*n + 4*d - 26. What is v(n)?
-5
Let m = -1 - 0. Let f(r) = 27*r. Let l(z) = -z. Let t(g) = -f(g) - 18*l(g). What is t(m)?
9
Let l(o) = -7*o**3 - 2*o + 1. Let d(y) = 6*y**3 + 3*y - 1. Let p(q) = -2*d(q) - 3*l(q). What is p(-1)?
-10
Let w be 7/5 + (-12)/30. Let g be (-6)/9 + w/(-3). Let o(p) = -6*p. Determine o(g).
6
Suppose -3*w - 5*g + 34 = 0, 3*g + 0*g = 6. Let f(b) = -b**3 + 9*b**2 - 8*b + 3. What is f(w)?
3
Let r(u) = 7*u + 1. Let g(m) = -15*m - 2. Let i(n) = -6*g(n) - 13*r(n). Determine i(6).
-7
Let g(c) = -c**2 + 3*c + 4. Let k be g(3). Let o(w) = 0*w - k*w - 2 + 5*w. Let i be (-2 + 1)/(3/(-6)). Calculate o(i).
0
Let t(p) = -1. Let b(y) = y**2 + 4*y + 9. Let w(f) = -b(f) - 4*t(f). Let d(m) = 1 - 3 + 3. Let r(h) = 2*d(h) + w(h). Determine r(-2).
1
Let a(q) be the second derivative of q**3/6 + 2*q**2 + q. Let h be 6 + -3 + (1 + -8)*1. What is a(h)?
0
Let s(l) = -l**3 + l. Suppose 8 - 2 = -3*c. Suppose -3*x + 70 = 5*g, -3*x + 2*g = -21 - 35. Let a be (-8)/x + c/(-5). Give s(a).
0
Let r(p) = p**3 - 2*p**2 + p - 2. Let x(g) = g**3 - 10*g**2 + 8*g + 11. Let m be -1*((-40)/4 - -1). Let s be x(m). What is r(s)?
0
Suppose 4*v - 6 = v. Let u(m) be the second derivative of -m**4/4 + m**3/2 - m**2 + m. What is u(v)?
-8
Let u(i) = -i - 3. Let f(q) = 20*q - 1. Suppose 0 = -5*d + 2*r + 11, -3*d + d + 2*r + 8 = 0. Let l be f(d). Suppose -4 = 3*y - l. Give u(y).
-8
Let g(q) = 3*q**2 + 2*q + 9. Let n(c) = c**2 + 1. Let m(t) = -g(t) + 4*n(t). Give m(4).
3
Suppose -5*b = -1 - 14. Let g be (-3)/(-6)*(3 + b). Let f(q) = q**2 - 2*q + 1. Determine f(g).
4
Let m(t) be the first derivative of -t**4/4 + 2*t**3/3 - t**2 + t + 13. Give m(2).
-3
Let x(b) be the third derivative of -b**4/24 - b**3/3 + 50*b**2. Calculate x(-4).
2
Let l(w) be the third derivative of -w**4/12 + w**3/3 + 9*w**2. What is l(3)?
-4
Let m(t) = -t**2 + 3. Let d = 6 - 3. Suppose -d*k = k. Calculate m(k).
3
Let v(q) be the first derivative of q**3/3 - 3*q**2 + 3*q + 2. Suppose -4*a + 9 = 1. Give v(a).
-5
Let q(r) = -r. Let m(l) = -l**2 - 18*l - 17. Let v(k) = -m(k) + q(k). Let z be v(-16). Let u(g) = 5*g**2 - g + 1. Calculate u(z).
5
Let u(b) be the third derivative of b**7/2520 - b**6/720 - b**5/20 + 4*b**2. Let c(h) be the third derivative of u(h). Calculate c(-4).
-9
Let a = 9 + -6. Let l(z) = 3 - a*z + 4*z + 3*z - z. Calculate l(-3).
-6
Let o(f) = -f**2 - f - 2. Let p be (-4)/5*60/8. Let z = p - -4. Give o(z).
-4
Let a(c) = -5 - 5*c**2 + 2*c + 1 + 4*c + 1 + 3*c**3. Let h(n) = n**3 + n**2 - 1. Let t(r) = a(r) - 2*h(r). What is t(6)?
-1
Let h(i) = -7*i - 5. Let j(q) = 11 + 4*q - 2 + 3*q + 6*q. Let w(r) = 11*h(r) + 6*j(r). Calculate w(-3).
-4
Let a(q) = -q**2 - 9. Let w be 2/11 + -2*(-2)/(-22). What is a(w)?
-9
Let r(p) = 5*p**2 + 464 - 462 - p + 3*p**2 - p**3. Calculate r(8).
-6
Let x = -6 + 1. Let l(i) be the first derivative of -i**4/4 - 2*i**3 - 3*i**2 - 6*i + 15. What is l(x)?
-1
Let i(w) = -w**2 - 5*w. Let y = -10 + 15. Suppose -2*m - y*z = 1, -5*m - 5*z = -6 + 1. Suppose 0 = -h + m - 7. Calculate i(h).
0
Let s(p) = 2*p**2 - 10*p - 1. Let h(d) = -d**2 + 30. Let v be h(-5). Determine s(v).
-1
Suppose 0*s = 2*s - d, -5*s = -2*d. Let b(u) = u**3 - u**2 - 4. Give b(s).
-4
Suppose -3*w - 2*w + 4*i + 11 = 0, i + 7 = -3*w. Let a(f) be the second derivative of f**3/3 + f**2/2 + f. Calculate a(w).
-1
Suppose 0 = 2*v + 4*y - 28, -3*v = -v + y - 13. Let w = -9 + v. Let z be 7/28 - w/(-4). Let d(k) = -4*k**3 + k**2 + 2*k + 1. Determine d(z).
4
Let l(z) = -26*z + 21. Let r(u) = 5*u - 4. Let g(f) = -2*l(f) - 11*r(f). Suppose -2*i = -p - 9, i - 12 = -p + 4*p. What is g(p)?
11
Let s be (-6 - -3)/(0 + -1). Suppose s*r + 26 - 8 = 0. Let w(c) = -c - 6. Give w(r).
0
Let p(n) = -5 + 2*n + 2 + 0 - 1. Determine p(-6).
-16
Let b = 32 + -29. Let s(f) = f**2 - 3*f - 4. What is s(b)?
-4
Suppose 0*k + 6 = -3*k. Let c(w) = 11*w - w**3 - 13*w - 3*w**2 + 2 + 0*w**2. What is c(k)?
2
Suppose -5*b + 3*u + 30 = 0, 3*b - u + 5 - 19 = 0. Let l(d) = d**3 - 3*d**2 + 2. Calculate l(b).
2
Let d(k) = -k**3 - k**2 + k - 10. Let p(h) be the third derivative of h**6/120 + h**5/10 - h**4/24 - h**3 - 11*h**2. Let r be p(-6). Give d(r).
-10
Let i(y) be the third derivative of -y**5/60 + y**4/6 - 2*y**3/3 + 6*y**2. Calculate i(4).
-4
Let x(s) be the first derivative of -s**4/4 + 4*s**3/3 - s - 2. Determine x(4).
-1
Let h(w) = w**2 + 3*w + 3. Let l be (4/3)/(4/(-12)*2). What is h(l)?
1
Let y(j) = -3*j + 4. Let n(z) = z + 8. Let a be n(-6). Let x(t) = -9*t + 12. Let r(b) = a*x(b) - 7*y(b). Calculate r(-3).
-13
Let w(k) = 0*k**2 - k - k**2 + k**3 - 14*k**3. Calculate w(-1).
13
Let a be (3 + 0)*8/6. Suppose -a - 2 = -3*p. Let f(o) = 2*o + 1. What is f(p)?
5
Let d(r) be the second derivative of -r**3/6 + r**2/2 + r. Let z be (-1)/3 + (-4)/(-3). Determine d(z).
0
Let u(t) be the first derivative of 0*t + t**3 - t**2 + 1/4*t**4 + 1. What is u(-3)?
6
Let s(p) = -6*p**3 + 5*p**2 - 10*p + 8. Let i(c) = -5*c**3 + 5*c**2 - 9*c + 7. Let j = -4 + 0. Let v(m) = j*s(m) + 5*i(m). Determine v(3).
6
Let u(y) = 2*y + 4. Let r be -6 + (8/2 - 1). Give u(r).
-2
Let m be (-2 + 0 + 3)*-4. Let x(t) = -2*t**2 - 6*t. Calculate x(m).
-8
Let d(y) = -5*y + 4. Let p(u) = u**2 + 2*u + 3. Let j be p(-2). Determine d(j).
-11
Suppose -2*r = -2, -2*k - 2*r + 5 = r. Let b(m) = 3*m**3 + 2*m**2 - m. What is b(k)?
4
Let m = -1 + 1. Let h = 20 - 18. Suppose x + 5 = -m*x, s - 13 = h*x. Let q(a) = -a**3 + 3*a**2 + 2. What is q(s)?
2
Let o(d) = 7*d